{"id":1008,"date":"2014-12-23T15:37:39","date_gmt":"2014-12-23T14:37:39","guid":{"rendered":"https:\/\/comunicacity.net\/cassino\/?page_id=1008"},"modified":"2014-12-23T18:30:52","modified_gmt":"2014-12-23T17:30:52","slug":"percorso-delle-acque","status":"publish","type":"page","link":"https:\/\/comunicacity.net\/cassino\/itinerari-in-citta\/percorso-delle-acque\/","title":{"rendered":"Percorso delle acque"},"content":{"rendered":"<div class=\"ccCenter\"><img decoding=\"async\" class=\"rounded ui image large\" src=\"https:\/\/comunicacity.net\/cassino\/wp-content\/uploads\/sites\/2\/2014\/12\/acque-300x103.jpg\" alt=\"pano_vista\" \/><\/div>\n<p class=\"ccCenter\"><strong>Percorso delle acque, interamente urbano<\/strong><\/p>\n<p class=\"ccJustify\">Durata: \u00bd giornata<\/p>\n<p class=\"ccJustify\">Mezzi: a piedi, in bicicletta, in auto<\/p>\n<p class=\"ccJustify\">Tappe:<\/p>\n<ul>\n<li class=\"ccJustify\">Sorgenti del Gari<\/li>\n<li class=\"ccJustify\">Chiesa Madre dedicata a Maria SS Assunta<\/li>\n<li class=\"ccJustify\">Villa Comunale<\/li>\n<li class=\"ccJustify\">Terme Varroniane<\/li>\n<\/ul>\n<p style=\"text-align: justify;\">Ingressi liberi alle sorgenti ed al parco. Info: www.termevarroniane.it<\/p>\n<p style=\"text-align: justify;\">Dal centro cittadino, in piazza Corte, alle spalle della Chiesa dedicata a Maria Assunta, si ammirano le prime sorgenti del Gari. La chiesa, completamente ricostruita, sorge sull\u2019area della distrutta chiesa delle Cinque Torri, della quale alcuni frammenti e capitelli sono visibili incastonati nella moderna struttura. Si prosegue con la visita alla Villa Comunale, accedendo da Corso della Repubblica, ove si ammirano le altre sorgenti del Gari. Il giardino, aperto al pubblico nelle ore diurne, \u00e8 dotato di parco giochi bambini. Seguendo il percorso si arriva alle Terme Varroniane che traggono il loro nome da Marco Terenzio Varrone, \u00a0il quale fece costruire nell\u2019antica Cassino la sua Villa. Presso le terme aperto il campeggio, il Parco termale e l\u2019area picnic.<\/p>\n<p style=\"text-align: center;\"><strong>Water route, entirely urban <\/strong><\/p>\n<p style=\"text-align: justify;\">Duration: half a day<\/p>\n<p style=\"text-align: justify;\">Means of transportation: on foot, by bicycle, by car<\/p>\n<p style=\"text-align: justify;\">Stops:<\/p>\n<ul>\n<li>Gari River springs<\/li>\n<li>Chiesa Madre dedicated to Maria SS. Assunta<\/li>\n<li>Villa Comunale (City Park)<\/li>\n<li>Terme Varroniane<\/li>\n<li>Free entrance to the springs and park<\/li>\n<\/ul>\n<p style=\"text-align: justify;\">Info: www.termevarroniane.it<\/p>\n<p style=\"text-align: justify;\">From the city center, in Corte square, behind the church dedicated to Maria Assunta, you will be able top admire the first springs of the Gari river. The church which was completely rebuilt, is situated on the area of the destroyed Cinque Torri church, from which some fragments and decorative coloumns, are visible, embedded in the modern structure. You will then proceed with the visit to the Villa Comunale (the City Park) with access to Corso della Repubblica, where you can admire the other springs of the Gari.<\/p>\n<p style=\"text-align: justify;\">The garden, open to the public in the daytime, and equipped with children&#8217;s play park. Following the path arriving at the Baths Varroniane which take their name from Marcus Terentius Varro, the ones he built in the ancient Cassino his Villa. At the thermal baths open the campsite, the spa park and picnic area.<\/p>\n<p style=\"text-align: justify;\">The park is open to the public during the day and equipped with a playground. Following the route we will arrive at the Terme Varroniane (Varroniane Thermal Baths) that recieved its name from Marco Terenzio Varrone, who had is villa built in ancient Cassino.Located Near the thermal baths, it is also possible to find a camping site, a thermal park and a picnic area.<\/p>\n<p style=\"text-align: center;\"><strong>Parcour des eaux, entierement urbain<\/strong><\/p>\n<p style=\"text-align: justify;\">Dur\u00e9e: 1\/2 journ\u00e9e<strong>\u00a0<\/strong><\/p>\n<p style=\"text-align: justify;\">Moyens de transports: a pieds, en v\u00e9lo et en voiture<\/p>\n<p style=\"text-align: justify;\">\u00c9tapes:<\/p>\n<ul style=\"text-align: justify;\">\n<li>Sources de Gari<\/li>\n<li>l&#8217;Eglise Madre d\u00e9vou\u00e9e \u00e0 Maria SS. Assunta<\/li>\n<li>Jardin Municipal<\/li>\n<li>Thermes Varroniane<\/li>\n<\/ul>\n<p style=\"text-align: justify;\">Entr\u00e9e livre aux sources et aux parcs<\/p>\n<p style=\"text-align: justify;\">Du centre ville, sur la place Corte, derrier\u00e8 l&#8217;Eglise d\u00e9vou\u00e9e \u00e0 Maria Assunta, vous pourrez admirer les premier\u00e8s sources de Gari. L&#8217;Eglise, compl\u00e8tement reconstruite se dresse sur l&#8217;aire de l\u2019ancienne l&#8217;Eglise des cinq tours, dont quelques fragment est encore visible, integr\u00e9s dans la moderne structure. Nous continurons cette visite avec le Jarden Municpal, grace \u00e0 l&#8217;acc\u00e8s sur corso della Republica, o\u00f9 vous pourrez admirer les autres sources de Gari. Le jardin, ouvert au public toute la journ\u00e9e, et o\u00f9 vous trouverez aussi une aire de jeux pour les enfants. En suivant le parcour, nous arriverons aux thermes Varroniane, qui tirent leur nom de l\u2019ancien romain Marco Terenzio Varrone qui avait ici sa sa villa. Dans les thermes, vous trouverez un camping, le parc thermiques et une aire de pic-niq.<\/p>\n","protected":false},"excerpt":{"rendered":"<p>Percorso delle acque, interamente urbano Durata: \u00bd giornata Mezzi: a piedi, in bicicletta, in auto Tappe: Sorgenti del Gari Chiesa Madre dedicata a Maria SS Assunta Villa Comunale Terme Varroniane [&hellip;]<\/p>\n","protected":false},"author":1,"featured_media":0,"parent":1006,"menu_order":1,"comment_status":"open","ping_status":"closed","template":"","meta":{"footnotes":""},"categories":[],"tags":[],"class_list":["post-1008","page","type-page","status-publish","hentry"],"yoast_head":"<!-- This site is optimized with the Yoast SEO plugin v27.4 - https:\/\/yoast.com\/product\/yoast-seo-wordpress\/ -->\n<title>Percorso delle acque - Cassino<\/title>\n<meta name=\"robots\" content=\"index, follow, max-snippet:-1, max-image-preview:large, max-video-preview:-1\" \/>\n<link rel=\"canonical\" href=\"https:\/\/comunicacity.net\/cassino\/itinerari-in-citta\/percorso-delle-acque\/\" \/>\n<meta property=\"og:locale\" content=\"it_IT\" \/>\n<meta property=\"og:type\" content=\"article\" \/>\n<meta property=\"og:title\" content=\"Percorso delle acque - Cassino\" \/>\n<meta property=\"og:description\" content=\"Percorso delle acque, interamente urbano Durata: \u00bd giornata Mezzi: a piedi, in bicicletta, in auto Tappe: Sorgenti del Gari Chiesa Madre dedicata a Maria SS Assunta Villa Comunale Terme Varroniane [&hellip;]\" \/>\n<meta property=\"og:url\" content=\"https:\/\/comunicacity.net\/cassino\/itinerari-in-citta\/percorso-delle-acque\/\" \/>\n<meta property=\"og:site_name\" content=\"Cassino\" \/>\n<meta property=\"article:publisher\" content=\"https:\/\/www.facebook.com\/CassinoComunica\/\" \/>\n<meta property=\"article:modified_time\" content=\"2014-12-23T17:30:52+00:00\" \/>\n<meta property=\"og:image\" content=\"https:\/\/comunicacity.net\/cassino\/wp-content\/uploads\/sites\/2\/2014\/12\/acque-300x103.jpg\" \/>\n<meta name=\"twitter:label1\" content=\"Tempo di lettura stimato\" \/>\n\t<meta name=\"twitter:data1\" content=\"3 minuti\" \/>\n<script type=\"application\/ld+json\" class=\"yoast-schema-graph\">{\"@context\":\"https:\\\/\\\/schema.org\",\"@graph\":[{\"@type\":\"WebPage\",\"@id\":\"https:\\\/\\\/comunicacity.net\\\/cassino\\\/itinerari-in-citta\\\/percorso-delle-acque\\\/\",\"url\":\"https:\\\/\\\/comunicacity.net\\\/cassino\\\/itinerari-in-citta\\\/percorso-delle-acque\\\/\",\"name\":\"Percorso delle acque - Cassino\",\"isPartOf\":{\"@id\":\"https:\\\/\\\/comunicacity.net\\\/cassino\\\/#website\"},\"primaryImageOfPage\":{\"@id\":\"https:\\\/\\\/comunicacity.net\\\/cassino\\\/itinerari-in-citta\\\/percorso-delle-acque\\\/#primaryimage\"},\"image\":{\"@id\":\"https:\\\/\\\/comunicacity.net\\\/cassino\\\/itinerari-in-citta\\\/percorso-delle-acque\\\/#primaryimage\"},\"thumbnailUrl\":\"http:\\\/\\\/comunicacity.net\\\/cassino\\\/wp-content\\\/uploads\\\/sites\\\/2\\\/2014\\\/12\\\/acque-300x103.jpg\",\"datePublished\":\"2014-12-23T14:37:39+00:00\",\"dateModified\":\"2014-12-23T17:30:52+00:00\",\"breadcrumb\":{\"@id\":\"https:\\\/\\\/comunicacity.net\\\/cassino\\\/itinerari-in-citta\\\/percorso-delle-acque\\\/#breadcrumb\"},\"inLanguage\":\"it-IT\",\"potentialAction\":[{\"@type\":\"ReadAction\",\"target\":[\"https:\\\/\\\/comunicacity.net\\\/cassino\\\/itinerari-in-citta\\\/percorso-delle-acque\\\/\"]}]},{\"@type\":\"ImageObject\",\"inLanguage\":\"it-IT\",\"@id\":\"https:\\\/\\\/comunicacity.net\\\/cassino\\\/itinerari-in-citta\\\/percorso-delle-acque\\\/#primaryimage\",\"url\":\"http:\\\/\\\/comunicacity.net\\\/cassino\\\/wp-content\\\/uploads\\\/sites\\\/2\\\/2014\\\/12\\\/acque-300x103.jpg\",\"contentUrl\":\"http:\\\/\\\/comunicacity.net\\\/cassino\\\/wp-content\\\/uploads\\\/sites\\\/2\\\/2014\\\/12\\\/acque-300x103.jpg\"},{\"@type\":\"BreadcrumbList\",\"@id\":\"https:\\\/\\\/comunicacity.net\\\/cassino\\\/itinerari-in-citta\\\/percorso-delle-acque\\\/#breadcrumb\",\"itemListElement\":[{\"@type\":\"ListItem\",\"position\":1,\"name\":\"Home\",\"item\":\"https:\\\/\\\/comunicacity.net\\\/cassino\\\/\"},{\"@type\":\"ListItem\",\"position\":2,\"name\":\"Itinerari in citt\u00e0\",\"item\":\"https:\\\/\\\/comunicacity.net\\\/cassino\\\/itinerari-in-citta\\\/\"},{\"@type\":\"ListItem\",\"position\":3,\"name\":\"Percorso delle acque\"}]},{\"@type\":\"WebSite\",\"@id\":\"https:\\\/\\\/comunicacity.net\\\/cassino\\\/#website\",\"url\":\"https:\\\/\\\/comunicacity.net\\\/cassino\\\/\",\"name\":\"Cassino\",\"description\":\"Il Tuo Comune che Comunica\",\"publisher\":{\"@id\":\"https:\\\/\\\/comunicacity.net\\\/cassino\\\/#organization\"},\"potentialAction\":[{\"@type\":\"SearchAction\",\"target\":{\"@type\":\"EntryPoint\",\"urlTemplate\":\"https:\\\/\\\/comunicacity.net\\\/cassino\\\/?s={search_term_string}\"},\"query-input\":{\"@type\":\"PropertyValueSpecification\",\"valueRequired\":true,\"valueName\":\"search_term_string\"}}],\"inLanguage\":\"it-IT\"},{\"@type\":\"Organization\",\"@id\":\"https:\\\/\\\/comunicacity.net\\\/cassino\\\/#organization\",\"name\":\"Comune di Cassino\",\"url\":\"https:\\\/\\\/comunicacity.net\\\/cassino\\\/\",\"logo\":{\"@type\":\"ImageObject\",\"inLanguage\":\"it-IT\",\"@id\":\"https:\\\/\\\/comunicacity.net\\\/cassino\\\/#\\\/schema\\\/logo\\\/image\\\/\",\"url\":\"http:\\\/\\\/comunicacity.net\\\/cassino\\\/wp-content\\\/uploads\\\/sites\\\/2\\\/2014\\\/11\\\/cassino.jpg\",\"contentUrl\":\"http:\\\/\\\/comunicacity.net\\\/cassino\\\/wp-content\\\/uploads\\\/sites\\\/2\\\/2014\\\/11\\\/cassino.jpg\",\"width\":300,\"height\":300,\"caption\":\"Comune di Cassino\"},\"image\":{\"@id\":\"https:\\\/\\\/comunicacity.net\\\/cassino\\\/#\\\/schema\\\/logo\\\/image\\\/\"},\"sameAs\":[\"https:\\\/\\\/www.facebook.com\\\/CassinoComunica\\\/\"]}]}<\/script>\n<!-- \/ Yoast SEO plugin. -->","yoast_head_json":{"title":"Percorso delle acque - Cassino","robots":{"index":"index","follow":"follow","max-snippet":"max-snippet:-1","max-image-preview":"max-image-preview:large","max-video-preview":"max-video-preview:-1"},"canonical":"https:\/\/comunicacity.net\/cassino\/itinerari-in-citta\/percorso-delle-acque\/","og_locale":"it_IT","og_type":"article","og_title":"Percorso delle acque - Cassino","og_description":"Percorso delle acque, interamente urbano Durata: \u00bd giornata Mezzi: a piedi, in bicicletta, in auto Tappe: Sorgenti del Gari Chiesa Madre dedicata a Maria SS Assunta Villa Comunale Terme Varroniane [&hellip;]","og_url":"https:\/\/comunicacity.net\/cassino\/itinerari-in-citta\/percorso-delle-acque\/","og_site_name":"Cassino","article_publisher":"https:\/\/www.facebook.com\/CassinoComunica\/","article_modified_time":"2014-12-23T17:30:52+00:00","og_image":[{"url":"https:\/\/comunicacity.net\/cassino\/wp-content\/uploads\/sites\/2\/2014\/12\/acque-300x103.jpg","type":"","width":"","height":""}],"twitter_misc":{"Tempo di lettura stimato":"3 minuti"},"schema":{"@context":"https:\/\/schema.org","@graph":[{"@type":"WebPage","@id":"https:\/\/comunicacity.net\/cassino\/itinerari-in-citta\/percorso-delle-acque\/","url":"https:\/\/comunicacity.net\/cassino\/itinerari-in-citta\/percorso-delle-acque\/","name":"Percorso delle acque - Cassino","isPartOf":{"@id":"https:\/\/comunicacity.net\/cassino\/#website"},"primaryImageOfPage":{"@id":"https:\/\/comunicacity.net\/cassino\/itinerari-in-citta\/percorso-delle-acque\/#primaryimage"},"image":{"@id":"https:\/\/comunicacity.net\/cassino\/itinerari-in-citta\/percorso-delle-acque\/#primaryimage"},"thumbnailUrl":"https:\/\/comunicacity.net\/cassino\/wp-content\/uploads\/sites\/2\/2014\/12\/acque-300x103.jpg","datePublished":"2014-12-23T14:37:39+00:00","dateModified":"2014-12-23T17:30:52+00:00","breadcrumb":{"@id":"https:\/\/comunicacity.net\/cassino\/itinerari-in-citta\/percorso-delle-acque\/#breadcrumb"},"inLanguage":"it-IT","potentialAction":[{"@type":"ReadAction","target":["https:\/\/comunicacity.net\/cassino\/itinerari-in-citta\/percorso-delle-acque\/"]}]},{"@type":"ImageObject","inLanguage":"it-IT","@id":"https:\/\/comunicacity.net\/cassino\/itinerari-in-citta\/percorso-delle-acque\/#primaryimage","url":"https:\/\/comunicacity.net\/cassino\/wp-content\/uploads\/sites\/2\/2014\/12\/acque-300x103.jpg","contentUrl":"https:\/\/comunicacity.net\/cassino\/wp-content\/uploads\/sites\/2\/2014\/12\/acque-300x103.jpg"},{"@type":"BreadcrumbList","@id":"https:\/\/comunicacity.net\/cassino\/itinerari-in-citta\/percorso-delle-acque\/#breadcrumb","itemListElement":[{"@type":"ListItem","position":1,"name":"Home","item":"https:\/\/comunicacity.net\/cassino\/"},{"@type":"ListItem","position":2,"name":"Itinerari in citt\u00e0","item":"https:\/\/comunicacity.net\/cassino\/itinerari-in-citta\/"},{"@type":"ListItem","position":3,"name":"Percorso delle acque"}]},{"@type":"WebSite","@id":"https:\/\/comunicacity.net\/cassino\/#website","url":"https:\/\/comunicacity.net\/cassino\/","name":"Cassino","description":"Il Tuo Comune che Comunica","publisher":{"@id":"https:\/\/comunicacity.net\/cassino\/#organization"},"potentialAction":[{"@type":"SearchAction","target":{"@type":"EntryPoint","urlTemplate":"https:\/\/comunicacity.net\/cassino\/?s={search_term_string}"},"query-input":{"@type":"PropertyValueSpecification","valueRequired":true,"valueName":"search_term_string"}}],"inLanguage":"it-IT"},{"@type":"Organization","@id":"https:\/\/comunicacity.net\/cassino\/#organization","name":"Comune di Cassino","url":"https:\/\/comunicacity.net\/cassino\/","logo":{"@type":"ImageObject","inLanguage":"it-IT","@id":"https:\/\/comunicacity.net\/cassino\/#\/schema\/logo\/image\/","url":"https:\/\/comunicacity.net\/cassino\/wp-content\/uploads\/sites\/2\/2014\/11\/cassino.jpg","contentUrl":"https:\/\/comunicacity.net\/cassino\/wp-content\/uploads\/sites\/2\/2014\/11\/cassino.jpg","width":300,"height":300,"caption":"Comune di Cassino"},"image":{"@id":"https:\/\/comunicacity.net\/cassino\/#\/schema\/logo\/image\/"},"sameAs":["https:\/\/www.facebook.com\/CassinoComunica\/"]}]}},"meta_box":[],"_links":{"self":[{"href":"https:\/\/comunicacity.net\/cassino\/wp-json\/wp\/v2\/pages\/1008","targetHints":{"allow":["GET"]}}],"collection":[{"href":"https:\/\/comunicacity.net\/cassino\/wp-json\/wp\/v2\/pages"}],"about":[{"href":"https:\/\/comunicacity.net\/cassino\/wp-json\/wp\/v2\/types\/page"}],"author":[{"embeddable":true,"href":"https:\/\/comunicacity.net\/cassino\/wp-json\/wp\/v2\/users\/1"}],"replies":[{"embeddable":true,"href":"https:\/\/comunicacity.net\/cassino\/wp-json\/wp\/v2\/comments?post=1008"}],"version-history":[{"count":6,"href":"https:\/\/comunicacity.net\/cassino\/wp-json\/wp\/v2\/pages\/1008\/revisions"}],"predecessor-version":[{"id":1030,"href":"https:\/\/comunicacity.net\/cassino\/wp-json\/wp\/v2\/pages\/1008\/revisions\/1030"}],"up":[{"embeddable":true,"href":"https:\/\/comunicacity.net\/cassino\/wp-json\/wp\/v2\/pages\/1006"}],"wp:attachment":[{"href":"https:\/\/comunicacity.net\/cassino\/wp-json\/wp\/v2\/media?parent=1008"}],"wp:term":[{"taxonomy":"category","embeddable":true,"href":"https:\/\/comunicacity.net\/cassino\/wp-json\/wp\/v2\/categories?post=1008"},{"taxonomy":"post_tag","embeddable":true,"href":"https:\/\/comunicacity.net\/cassino\/wp-json\/wp\/v2\/tags?post=1008"}],"curies":[{"name":"wp","href":"https:\/\/api.w.org\/{rel}","templated":true}]}}