{"id":624,"date":"2014-11-10T22:37:44","date_gmt":"2014-11-10T21:37:44","guid":{"rendered":"https:\/\/comunicacity.net\/cassino\/?page_id=624"},"modified":"2014-11-14T17:08:19","modified_gmt":"2014-11-14T16:08:19","slug":"rocca-janula-sec-x","status":"publish","type":"page","link":"https:\/\/comunicacity.net\/cassino\/cosa-visitare\/rocca-janula-sec-x\/","title":{"rendered":"Rocca Janula &#8211; sec. X"},"content":{"rendered":"<div class=\"ccCenter\"><img decoding=\"async\" class=\"rounded ui image large\" src=\"https:\/\/comunicacity.net\/cassino\/wp-content\/uploads\/sites\/2\/2014\/11\/pano_esterno1.jpg\" alt=\"pano_esterno\" \/><\/div>\n<p style=\"text-align: justify;\">Eretta per volont\u00e0 dell\u2019Abate Aligerno nel corso del X secolo per scopi difensivi, la Rocca Janula fu potenziata successivamente dall\u2019Abate Mansone e poi con l\u2019avvento dell\u2019Abate Gerardo furono costruite la torre centrale e una cappella.<\/p>\n<div class=\"ccCenter\"><img decoding=\"async\" class=\"rounded ui image large\" src=\"https:\/\/comunicacity.net\/cassino\/wp-content\/uploads\/sites\/2\/2014\/11\/particolare_della_atruttura.jpg\" alt=\"lare_della_atruttura\" \/><\/div>\n<p style=\"text-align: justify;\">Il suo toponimo sta ad indicare la \u201cpiccola porta\u201d, anche se, secondo altre interpretazioni, il nome deriverebbe da Giano la divinit\u00e0 latina \u201cprotettore delle porte\u201d. La Rocca era accessibile sono dal versante ovest attraverso la strada che poi prosegue verso Montecassino, una particolarit\u00e0 che conferma come la sua costruzione fosse legata esclusivamente alla difesa di quella che era la Terra di San Benedetto.<\/p>\n<div class=\"ccCenter\"><img decoding=\"async\" class=\"rounded ui image large\" src=\"https:\/\/comunicacity.net\/cassino\/wp-content\/uploads\/sites\/2\/2014\/11\/scorcio1.jpg\" alt=\"scorcio\" \/><\/div>\n<p style=\"text-align: justify;\">Con l\u2019avvento di Federico II, la rocca fu inizialmente demolita prima che lo stesso imperatore decidesse di riedificarla e potenziarla. Nel 1742 venne inserita tra i beni demaniali e cadde in rovina per abbandono.<\/p>\n<p style=\"text-align: justify;\">Gravemente danneggiata, cos\u00ec come tutta la citt\u00e0 di Cassino, durante i bombardamenti del 1944, in tempi recenti \u00e8 stata oggetto di profondi restauri da parte del Ministero dei Beni Culturali.<\/p>\n<div class=\"ccCenter\"><img decoding=\"async\" class=\"rounded ui image large\" src=\"https:\/\/comunicacity.net\/cassino\/wp-content\/uploads\/sites\/2\/2014\/11\/scorcio_della_struttra_1.jpg\" alt=\"scorcio_della_struttra_1\" \/><\/div>\n","protected":false},"excerpt":{"rendered":"<p>Eretta per volont\u00e0 dell\u2019Abate Aligerno nel corso del X secolo per scopi difensivi, la Rocca Janula fu potenziata successivamente dall\u2019Abate Mansone e poi con l\u2019avvento dell\u2019Abate Gerardo furono costruite la [&hellip;]<\/p>\n","protected":false},"author":1,"featured_media":0,"parent":688,"menu_order":13,"comment_status":"open","ping_status":"closed","template":"","meta":{"footnotes":""},"categories":[],"tags":[43],"class_list":["post-624","page","type-page","status-publish","hentry","tag-unhide"],"yoast_head":"<!-- This site is optimized with the Yoast SEO plugin v27.3 - https:\/\/yoast.com\/product\/yoast-seo-wordpress\/ -->\n<title>Rocca Janula - sec. X - Cassino<\/title>\n<meta name=\"robots\" content=\"index, follow, max-snippet:-1, max-image-preview:large, max-video-preview:-1\" \/>\n<link rel=\"canonical\" href=\"https:\/\/comunicacity.net\/cassino\/cosa-visitare\/rocca-janula-sec-x\/\" \/>\n<meta property=\"og:locale\" content=\"it_IT\" \/>\n<meta property=\"og:type\" content=\"article\" \/>\n<meta property=\"og:title\" content=\"Rocca Janula - sec. X - Cassino\" \/>\n<meta property=\"og:description\" content=\"Eretta per volont\u00e0 dell\u2019Abate Aligerno nel corso del X secolo per scopi difensivi, la Rocca Janula fu potenziata successivamente dall\u2019Abate Mansone e poi con l\u2019avvento dell\u2019Abate Gerardo furono costruite la [&hellip;]\" \/>\n<meta property=\"og:url\" content=\"https:\/\/comunicacity.net\/cassino\/cosa-visitare\/rocca-janula-sec-x\/\" \/>\n<meta property=\"og:site_name\" content=\"Cassino\" \/>\n<meta property=\"article:publisher\" content=\"https:\/\/www.facebook.com\/CassinoComunica\/\" \/>\n<meta property=\"article:modified_time\" content=\"2014-11-14T16:08:19+00:00\" \/>\n<meta property=\"og:image\" content=\"https:\/\/comunicacity.net\/cassino\/wp-content\/uploads\/sites\/2\/2014\/11\/pano_esterno1.jpg\" \/>\n<meta name=\"twitter:label1\" content=\"Tempo di lettura stimato\" \/>\n\t<meta name=\"twitter:data1\" content=\"1 minuto\" \/>\n<script type=\"application\/ld+json\" class=\"yoast-schema-graph\">{\"@context\":\"https:\\\/\\\/schema.org\",\"@graph\":[{\"@type\":\"WebPage\",\"@id\":\"https:\\\/\\\/comunicacity.net\\\/cassino\\\/cosa-visitare\\\/rocca-janula-sec-x\\\/\",\"url\":\"https:\\\/\\\/comunicacity.net\\\/cassino\\\/cosa-visitare\\\/rocca-janula-sec-x\\\/\",\"name\":\"Rocca Janula - sec. X - Cassino\",\"isPartOf\":{\"@id\":\"https:\\\/\\\/comunicacity.net\\\/cassino\\\/#website\"},\"primaryImageOfPage\":{\"@id\":\"https:\\\/\\\/comunicacity.net\\\/cassino\\\/cosa-visitare\\\/rocca-janula-sec-x\\\/#primaryimage\"},\"image\":{\"@id\":\"https:\\\/\\\/comunicacity.net\\\/cassino\\\/cosa-visitare\\\/rocca-janula-sec-x\\\/#primaryimage\"},\"thumbnailUrl\":\"http:\\\/\\\/comunicacity.net\\\/cassino\\\/wp-content\\\/uploads\\\/sites\\\/2\\\/2014\\\/11\\\/pano_esterno1.jpg\",\"datePublished\":\"2014-11-10T21:37:44+00:00\",\"dateModified\":\"2014-11-14T16:08:19+00:00\",\"breadcrumb\":{\"@id\":\"https:\\\/\\\/comunicacity.net\\\/cassino\\\/cosa-visitare\\\/rocca-janula-sec-x\\\/#breadcrumb\"},\"inLanguage\":\"it-IT\",\"potentialAction\":[{\"@type\":\"ReadAction\",\"target\":[\"https:\\\/\\\/comunicacity.net\\\/cassino\\\/cosa-visitare\\\/rocca-janula-sec-x\\\/\"]}]},{\"@type\":\"ImageObject\",\"inLanguage\":\"it-IT\",\"@id\":\"https:\\\/\\\/comunicacity.net\\\/cassino\\\/cosa-visitare\\\/rocca-janula-sec-x\\\/#primaryimage\",\"url\":\"http:\\\/\\\/comunicacity.net\\\/cassino\\\/wp-content\\\/uploads\\\/sites\\\/2\\\/2014\\\/11\\\/pano_esterno1.jpg\",\"contentUrl\":\"http:\\\/\\\/comunicacity.net\\\/cassino\\\/wp-content\\\/uploads\\\/sites\\\/2\\\/2014\\\/11\\\/pano_esterno1.jpg\"},{\"@type\":\"BreadcrumbList\",\"@id\":\"https:\\\/\\\/comunicacity.net\\\/cassino\\\/cosa-visitare\\\/rocca-janula-sec-x\\\/#breadcrumb\",\"itemListElement\":[{\"@type\":\"ListItem\",\"position\":1,\"name\":\"Home\",\"item\":\"https:\\\/\\\/comunicacity.net\\\/cassino\\\/\"},{\"@type\":\"ListItem\",\"position\":2,\"name\":\"Cosa visitare\",\"item\":\"https:\\\/\\\/comunicacity.net\\\/cassino\\\/cosa-visitare\\\/\"},{\"@type\":\"ListItem\",\"position\":3,\"name\":\"Rocca Janula &#8211; sec. X\"}]},{\"@type\":\"WebSite\",\"@id\":\"https:\\\/\\\/comunicacity.net\\\/cassino\\\/#website\",\"url\":\"https:\\\/\\\/comunicacity.net\\\/cassino\\\/\",\"name\":\"Cassino\",\"description\":\"Il Tuo Comune che Comunica\",\"publisher\":{\"@id\":\"https:\\\/\\\/comunicacity.net\\\/cassino\\\/#organization\"},\"potentialAction\":[{\"@type\":\"SearchAction\",\"target\":{\"@type\":\"EntryPoint\",\"urlTemplate\":\"https:\\\/\\\/comunicacity.net\\\/cassino\\\/?s={search_term_string}\"},\"query-input\":{\"@type\":\"PropertyValueSpecification\",\"valueRequired\":true,\"valueName\":\"search_term_string\"}}],\"inLanguage\":\"it-IT\"},{\"@type\":\"Organization\",\"@id\":\"https:\\\/\\\/comunicacity.net\\\/cassino\\\/#organization\",\"name\":\"Comune di Cassino\",\"url\":\"https:\\\/\\\/comunicacity.net\\\/cassino\\\/\",\"logo\":{\"@type\":\"ImageObject\",\"inLanguage\":\"it-IT\",\"@id\":\"https:\\\/\\\/comunicacity.net\\\/cassino\\\/#\\\/schema\\\/logo\\\/image\\\/\",\"url\":\"http:\\\/\\\/comunicacity.net\\\/cassino\\\/wp-content\\\/uploads\\\/sites\\\/2\\\/2014\\\/11\\\/cassino.jpg\",\"contentUrl\":\"http:\\\/\\\/comunicacity.net\\\/cassino\\\/wp-content\\\/uploads\\\/sites\\\/2\\\/2014\\\/11\\\/cassino.jpg\",\"width\":300,\"height\":300,\"caption\":\"Comune di Cassino\"},\"image\":{\"@id\":\"https:\\\/\\\/comunicacity.net\\\/cassino\\\/#\\\/schema\\\/logo\\\/image\\\/\"},\"sameAs\":[\"https:\\\/\\\/www.facebook.com\\\/CassinoComunica\\\/\"]}]}<\/script>\n<!-- \/ Yoast SEO plugin. -->","yoast_head_json":{"title":"Rocca Janula - sec. X - Cassino","robots":{"index":"index","follow":"follow","max-snippet":"max-snippet:-1","max-image-preview":"max-image-preview:large","max-video-preview":"max-video-preview:-1"},"canonical":"https:\/\/comunicacity.net\/cassino\/cosa-visitare\/rocca-janula-sec-x\/","og_locale":"it_IT","og_type":"article","og_title":"Rocca Janula - sec. X - Cassino","og_description":"Eretta per volont\u00e0 dell\u2019Abate Aligerno nel corso del X secolo per scopi difensivi, la Rocca Janula fu potenziata successivamente dall\u2019Abate Mansone e poi con l\u2019avvento dell\u2019Abate Gerardo furono costruite la [&hellip;]","og_url":"https:\/\/comunicacity.net\/cassino\/cosa-visitare\/rocca-janula-sec-x\/","og_site_name":"Cassino","article_publisher":"https:\/\/www.facebook.com\/CassinoComunica\/","article_modified_time":"2014-11-14T16:08:19+00:00","og_image":[{"url":"https:\/\/comunicacity.net\/cassino\/wp-content\/uploads\/sites\/2\/2014\/11\/pano_esterno1.jpg","type":"","width":"","height":""}],"twitter_misc":{"Tempo di lettura stimato":"1 minuto"},"schema":{"@context":"https:\/\/schema.org","@graph":[{"@type":"WebPage","@id":"https:\/\/comunicacity.net\/cassino\/cosa-visitare\/rocca-janula-sec-x\/","url":"https:\/\/comunicacity.net\/cassino\/cosa-visitare\/rocca-janula-sec-x\/","name":"Rocca Janula - sec. X - Cassino","isPartOf":{"@id":"https:\/\/comunicacity.net\/cassino\/#website"},"primaryImageOfPage":{"@id":"https:\/\/comunicacity.net\/cassino\/cosa-visitare\/rocca-janula-sec-x\/#primaryimage"},"image":{"@id":"https:\/\/comunicacity.net\/cassino\/cosa-visitare\/rocca-janula-sec-x\/#primaryimage"},"thumbnailUrl":"https:\/\/comunicacity.net\/cassino\/wp-content\/uploads\/sites\/2\/2014\/11\/pano_esterno1.jpg","datePublished":"2014-11-10T21:37:44+00:00","dateModified":"2014-11-14T16:08:19+00:00","breadcrumb":{"@id":"https:\/\/comunicacity.net\/cassino\/cosa-visitare\/rocca-janula-sec-x\/#breadcrumb"},"inLanguage":"it-IT","potentialAction":[{"@type":"ReadAction","target":["https:\/\/comunicacity.net\/cassino\/cosa-visitare\/rocca-janula-sec-x\/"]}]},{"@type":"ImageObject","inLanguage":"it-IT","@id":"https:\/\/comunicacity.net\/cassino\/cosa-visitare\/rocca-janula-sec-x\/#primaryimage","url":"https:\/\/comunicacity.net\/cassino\/wp-content\/uploads\/sites\/2\/2014\/11\/pano_esterno1.jpg","contentUrl":"https:\/\/comunicacity.net\/cassino\/wp-content\/uploads\/sites\/2\/2014\/11\/pano_esterno1.jpg"},{"@type":"BreadcrumbList","@id":"https:\/\/comunicacity.net\/cassino\/cosa-visitare\/rocca-janula-sec-x\/#breadcrumb","itemListElement":[{"@type":"ListItem","position":1,"name":"Home","item":"https:\/\/comunicacity.net\/cassino\/"},{"@type":"ListItem","position":2,"name":"Cosa visitare","item":"https:\/\/comunicacity.net\/cassino\/cosa-visitare\/"},{"@type":"ListItem","position":3,"name":"Rocca Janula &#8211; sec. X"}]},{"@type":"WebSite","@id":"https:\/\/comunicacity.net\/cassino\/#website","url":"https:\/\/comunicacity.net\/cassino\/","name":"Cassino","description":"Il Tuo Comune che Comunica","publisher":{"@id":"https:\/\/comunicacity.net\/cassino\/#organization"},"potentialAction":[{"@type":"SearchAction","target":{"@type":"EntryPoint","urlTemplate":"https:\/\/comunicacity.net\/cassino\/?s={search_term_string}"},"query-input":{"@type":"PropertyValueSpecification","valueRequired":true,"valueName":"search_term_string"}}],"inLanguage":"it-IT"},{"@type":"Organization","@id":"https:\/\/comunicacity.net\/cassino\/#organization","name":"Comune di Cassino","url":"https:\/\/comunicacity.net\/cassino\/","logo":{"@type":"ImageObject","inLanguage":"it-IT","@id":"https:\/\/comunicacity.net\/cassino\/#\/schema\/logo\/image\/","url":"https:\/\/comunicacity.net\/cassino\/wp-content\/uploads\/sites\/2\/2014\/11\/cassino.jpg","contentUrl":"https:\/\/comunicacity.net\/cassino\/wp-content\/uploads\/sites\/2\/2014\/11\/cassino.jpg","width":300,"height":300,"caption":"Comune di Cassino"},"image":{"@id":"https:\/\/comunicacity.net\/cassino\/#\/schema\/logo\/image\/"},"sameAs":["https:\/\/www.facebook.com\/CassinoComunica\/"]}]}},"meta_box":[],"_links":{"self":[{"href":"https:\/\/comunicacity.net\/cassino\/wp-json\/wp\/v2\/pages\/624","targetHints":{"allow":["GET"]}}],"collection":[{"href":"https:\/\/comunicacity.net\/cassino\/wp-json\/wp\/v2\/pages"}],"about":[{"href":"https:\/\/comunicacity.net\/cassino\/wp-json\/wp\/v2\/types\/page"}],"author":[{"embeddable":true,"href":"https:\/\/comunicacity.net\/cassino\/wp-json\/wp\/v2\/users\/1"}],"replies":[{"embeddable":true,"href":"https:\/\/comunicacity.net\/cassino\/wp-json\/wp\/v2\/comments?post=624"}],"version-history":[{"count":3,"href":"https:\/\/comunicacity.net\/cassino\/wp-json\/wp\/v2\/pages\/624\/revisions"}],"predecessor-version":[{"id":631,"href":"https:\/\/comunicacity.net\/cassino\/wp-json\/wp\/v2\/pages\/624\/revisions\/631"}],"up":[{"embeddable":true,"href":"https:\/\/comunicacity.net\/cassino\/wp-json\/wp\/v2\/pages\/688"}],"wp:attachment":[{"href":"https:\/\/comunicacity.net\/cassino\/wp-json\/wp\/v2\/media?parent=624"}],"wp:term":[{"taxonomy":"category","embeddable":true,"href":"https:\/\/comunicacity.net\/cassino\/wp-json\/wp\/v2\/categories?post=624"},{"taxonomy":"post_tag","embeddable":true,"href":"https:\/\/comunicacity.net\/cassino\/wp-json\/wp\/v2\/tags?post=624"}],"curies":[{"name":"wp","href":"https:\/\/api.w.org\/{rel}","templated":true}]}}