{"id":23,"date":"2014-12-12T13:57:10","date_gmt":"2014-12-12T13:57:10","guid":{"rendered":"https:\/\/comunicacity.net\/cervaro\/?page_id=23"},"modified":"2014-12-12T14:00:32","modified_gmt":"2014-12-12T14:00:32","slug":"indici-urbanistici-e-destinazioni-duso","status":"publish","type":"page","link":"https:\/\/comunicacity.net\/cervaro\/piano-regolatore\/indici-urbanistici-e-destinazioni-duso\/","title":{"rendered":"Indici urb. e dest. d&#8217;uso"},"content":{"rendered":"<div>\n<p><strong>CAPO II<\/strong><\/p>\n<p><strong>INDICI URBANISTICI E DESTINAZIONI D&#8217;USO<\/strong><\/p>\n<p style=\"text-align: center;\"><strong>ART. 3<\/strong><br \/>\n<strong> <em>Descrizione degli indici urbanistici<\/em><\/strong><\/p>\n<p style=\"text-align: justify;\">L&#8217;edificazione e l&#8217;urbanizzazione, nel territorio comunale, sono regolate dai seguenti indici:<\/p>\n<p style=\"text-align: justify;\"><em>ST &#8211; SUPERFICIE TERRITORIALE (mq):<\/em><\/p>\n<p style=\"text-align: justify;\">Per superficie territoriale si intende un&#8217;area non inferiore alla superficie minima di intervento riportata nella zonizzazione di Piano o assegnata agli interventi urbanistici preventivi; essa comprende le aree per l&#8217;urbanizzazione primaria e secondaria e la superficie fondiaria.<br \/>\nLa superficie territoriale va misurata al netto delle aree destinate alla viabilit\u00e0 perimetrale alla zona esistente o prevista dal P.R.G.<\/p>\n<p style=\"text-align: justify;\"><em>SF &#8211; SUPERFICIE FONDIARIA (mq):<\/em><\/p>\n<p style=\"text-align: justify;\">Per superficie fondiaria si intende quella parte di area che risulta dalla superficie territoriale, deducendo le superfici per le opere di urbanizzazione primaria e secondaria e, comunque, tutte le superfici a destinazione e propriet\u00e0 pubblica. La superficie fondiaria pu\u00f2 essere suddivisa in lotti dimensionati secondo la minima unit\u00e0 di intervento diretto.<\/p>\n<p style=\"text-align: justify;\"><em>SP1 &#8211; SUPERFICIE PER OPERE DI URBANIZZAZIONE PRIMARIA (mq):<\/em><br \/>\nComprende le aree destinate alla viabilit\u00e0, spazi di sosta e parcheggi ed aree di verde primario.<\/p>\n<p style=\"text-align: justify;\"><em>SP2 &#8211; SUPERFICIE PER OPERE DI URBANIZZAZIONE SECONDARIA (mq):<\/em><br \/>\nComprende le aree per l&#8217;istruzione, per le attrezzature di interesse comune e per gli spazi di verde pubblico attrezzato (escluso il verde primario).<\/p>\n<p style=\"text-align: justify;\"><em>IFT &#8211; INDICE DI FABBRICABILIT\u00c0 TERRITORIALE (mc\/mq):<\/em><br \/>\nL&#8217;indice di fabbricabilit\u00e0 territoriale esprime il volume massimo (espresso in mc) edificabile per ogni mq di superficie territoriale.<\/p>\n<p style=\"text-align: justify;\"><em>IF &#8211; INDICE DI FABBRICABILIT\u00c0 FONDIARIA (mc\/mq):<\/em><br \/>\nL&#8217;indice di fabbricabilit\u00e0 fondiaria esprime il volume massimo (espresso in mc) edificabile per ogni mq di superficie fondiaria.<\/p>\n<p style=\"text-align: justify;\"><em>RC &#8211; RAPPORTO DI COPERTURA (mc\/mq):<\/em><br \/>\nIl rapporto di copertura esprime l&#8217;aliquota massima della superficie fondiaria impegnata dalla superfice coperta.<\/p>\n<p style=\"text-align: justify;\"><em>Sm &#8211; SUPERFICIE MINIMA DI INTERVENTO (mq):<\/em><br \/>\nArea minima richiesta dalle norme delle diverse zone per gli interventi sia preventivi che diretti o predeterminata graficamente dalle tavole di Piano come unit\u00e0 urbanistica per gli interventi preventivi.<\/p>\n<p style=\"text-align: justify;\"><em>VM &#8211; VOLUME EDIFICABILE MASSIMO (mc):<\/em><br \/>\nVolume massimo del singolo corpo di fabbrica previsto dalle norme delle diverse zone per gli interventi diretti.<\/p>\n<p style=\"text-align: justify;\">Risultano poi definiti:<\/p>\n<p style=\"text-align: justify;\">NP NUMERO DEI PIANI ( n\u00b0 )<br \/>\nH ALTEZZA DEL FABBRICATO ( m )<br \/>\nSC SUPERFICIE COPERTA ( mq )<br \/>\nV VOLUME (mc)<br \/>\nSU SUPERFICIE UTILE ( mq )<br \/>\nDC DISTANZA DAI CONFINI<br \/>\nDE DISTANZA DAGLI EDIFICI<br \/>\nSI SPAZI INTERNI<br \/>\nPP PARCHEGGIO PRIVATO<\/p>\n<p style=\"text-align: center;\"><strong>ART. 4 <\/strong><br \/>\n<strong> <em>Applicazione degli indici urbanistici<\/em><\/strong><\/p>\n<p style=\"text-align: justify;\">L&#8217;indice di fabbricabilit\u00e0 territoriale ( IT ) si applica nei casi ove \u00e8 richiesto, ai sensi delle presenti norme, l&#8217;intervento urbanistico preventivo.<br \/>\nL&#8217;indice di fabbricabilit\u00e0 fondiaria ( IF ) si applica per l&#8217;edificazione nei singoli lotti, sia nel caso di attuazione di strumenti urbanistici preventivi approvati, sia nel caso di interventi diretti.<\/p>\n<p style=\"text-align: center;\"><strong>ART. 5<\/strong><br \/>\n<strong> <em>Destinazioni di uso<\/em><\/strong><\/p>\n<p style=\"text-align: justify;\">Le destinazioni di uso delle singole zone omogenee sono indicate in tabella secondo la simbologia seguente :<\/p>\n<p style=\"text-align: justify;\">1. AA Annessi agricoli<br \/>\n2. AP Attrezzature private<br \/>\n3. AS Attrezzature per lo spettacolo e lo svago<br \/>\n4. CD Attrezzature commerciali per la piccola distribuzione<br \/>\n5. CI Commercio all&#8217;ingrosso<br \/>\n6. CL Cliniche<br \/>\n7. G Garages privati di uso pubblico<br \/>\n8. I Impianti industriali<br \/>\n9. LA Laboratori artigiani<br \/>\n10. LD Laboratori e depositi sussidiari alle attivit\u00e0 commerciali<br \/>\n11. PE Pubblici esercizi<br \/>\n12. R Residenze<br \/>\n13. RA Residenze agricole<br \/>\n14. SM Attrezzature commerciali per la grande distribuzione<br \/>\n15. SP Attrezzature sportive private di uso pubblico<br \/>\n16. TR Attrezzature turistico ricettive a rotazione d&#8217;uso<br \/>\n17. U Uffici privati, studi professionali.<\/p>\n<\/div>\n","protected":false},"excerpt":{"rendered":"<p>CAPO II INDICI URBANISTICI E DESTINAZIONI D&#8217;USO ART. 3 Descrizione degli indici urbanistici L&#8217;edificazione e l&#8217;urbanizzazione, nel territorio comunale, sono regolate dai seguenti indici: ST &#8211; SUPERFICIE TERRITORIALE (mq): Per [&hellip;]<\/p>\n","protected":false},"author":1,"featured_media":0,"parent":19,"menu_order":2,"comment_status":"open","ping_status":"open","template":"","meta":{"footnotes":""},"categories":[],"tags":[18],"class_list":["post-23","page","type-page","status-publish","hentry","tag-text-file"],"yoast_head":"<!-- This site is optimized with the Yoast SEO plugin v27.4 - https:\/\/yoast.com\/product\/yoast-seo-wordpress\/ -->\n<title>Indici urb. e dest. d&#039;uso - Cervaro<\/title>\n<meta name=\"robots\" content=\"index, follow, max-snippet:-1, max-image-preview:large, max-video-preview:-1\" \/>\n<link rel=\"canonical\" href=\"https:\/\/comunicacity.net\/cervaro\/piano-regolatore\/indici-urbanistici-e-destinazioni-duso\/\" \/>\n<meta property=\"og:locale\" content=\"it_IT\" \/>\n<meta property=\"og:type\" content=\"article\" \/>\n<meta property=\"og:title\" content=\"Indici urb. e dest. d&#039;uso - Cervaro\" \/>\n<meta property=\"og:description\" content=\"CAPO II INDICI URBANISTICI E DESTINAZIONI D&#8217;USO ART. 3 Descrizione degli indici urbanistici L&#8217;edificazione e l&#8217;urbanizzazione, nel territorio comunale, sono regolate dai seguenti indici: ST &#8211; SUPERFICIE TERRITORIALE (mq): Per [&hellip;]\" \/>\n<meta property=\"og:url\" content=\"https:\/\/comunicacity.net\/cervaro\/piano-regolatore\/indici-urbanistici-e-destinazioni-duso\/\" \/>\n<meta property=\"og:site_name\" content=\"Cervaro\" \/>\n<meta property=\"article:modified_time\" content=\"2014-12-12T14:00:32+00:00\" \/>\n<meta property=\"og:image\" content=\"https:\/\/comunicacity.net\/cervaro\/wp-content\/uploads\/sites\/16\/2014\/12\/cervaro.jpg\" \/>\n\t<meta property=\"og:image:width\" content=\"50\" \/>\n\t<meta property=\"og:image:height\" content=\"50\" \/>\n<meta name=\"twitter:label1\" content=\"Tempo di lettura stimato\" \/>\n\t<meta name=\"twitter:data1\" content=\"3 minuti\" \/>\n<script type=\"application\/ld+json\" class=\"yoast-schema-graph\">{\"@context\":\"https:\\\/\\\/schema.org\",\"@graph\":[{\"@type\":\"WebPage\",\"@id\":\"https:\\\/\\\/comunicacity.net\\\/cervaro\\\/piano-regolatore\\\/indici-urbanistici-e-destinazioni-duso\\\/\",\"url\":\"https:\\\/\\\/comunicacity.net\\\/cervaro\\\/piano-regolatore\\\/indici-urbanistici-e-destinazioni-duso\\\/\",\"name\":\"Indici urb. e dest. d'uso - Cervaro\",\"isPartOf\":{\"@id\":\"https:\\\/\\\/comunicacity.net\\\/cervaro\\\/#website\"},\"datePublished\":\"2014-12-12T13:57:10+00:00\",\"dateModified\":\"2014-12-12T14:00:32+00:00\",\"breadcrumb\":{\"@id\":\"https:\\\/\\\/comunicacity.net\\\/cervaro\\\/piano-regolatore\\\/indici-urbanistici-e-destinazioni-duso\\\/#breadcrumb\"},\"inLanguage\":\"it-IT\",\"potentialAction\":[{\"@type\":\"ReadAction\",\"target\":[\"https:\\\/\\\/comunicacity.net\\\/cervaro\\\/piano-regolatore\\\/indici-urbanistici-e-destinazioni-duso\\\/\"]}]},{\"@type\":\"BreadcrumbList\",\"@id\":\"https:\\\/\\\/comunicacity.net\\\/cervaro\\\/piano-regolatore\\\/indici-urbanistici-e-destinazioni-duso\\\/#breadcrumb\",\"itemListElement\":[{\"@type\":\"ListItem\",\"position\":1,\"name\":\"Home\",\"item\":\"https:\\\/\\\/comunicacity.net\\\/cervaro\\\/\"},{\"@type\":\"ListItem\",\"position\":2,\"name\":\"Piano Regolatore\",\"item\":\"https:\\\/\\\/comunicacity.net\\\/cervaro\\\/piano-regolatore\\\/\"},{\"@type\":\"ListItem\",\"position\":3,\"name\":\"Indici urb. e dest. d&#8217;uso\"}]},{\"@type\":\"WebSite\",\"@id\":\"https:\\\/\\\/comunicacity.net\\\/cervaro\\\/#website\",\"url\":\"https:\\\/\\\/comunicacity.net\\\/cervaro\\\/\",\"name\":\"Cervaro\",\"description\":\"Il Tuo Comune che Comunica\",\"potentialAction\":[{\"@type\":\"SearchAction\",\"target\":{\"@type\":\"EntryPoint\",\"urlTemplate\":\"https:\\\/\\\/comunicacity.net\\\/cervaro\\\/?s={search_term_string}\"},\"query-input\":{\"@type\":\"PropertyValueSpecification\",\"valueRequired\":true,\"valueName\":\"search_term_string\"}}],\"inLanguage\":\"it-IT\"}]}<\/script>\n<!-- \/ Yoast SEO plugin. -->","yoast_head_json":{"title":"Indici urb. e dest. d'uso - Cervaro","robots":{"index":"index","follow":"follow","max-snippet":"max-snippet:-1","max-image-preview":"max-image-preview:large","max-video-preview":"max-video-preview:-1"},"canonical":"https:\/\/comunicacity.net\/cervaro\/piano-regolatore\/indici-urbanistici-e-destinazioni-duso\/","og_locale":"it_IT","og_type":"article","og_title":"Indici urb. e dest. d'uso - Cervaro","og_description":"CAPO II INDICI URBANISTICI E DESTINAZIONI D&#8217;USO ART. 3 Descrizione degli indici urbanistici L&#8217;edificazione e l&#8217;urbanizzazione, nel territorio comunale, sono regolate dai seguenti indici: ST &#8211; SUPERFICIE TERRITORIALE (mq): Per [&hellip;]","og_url":"https:\/\/comunicacity.net\/cervaro\/piano-regolatore\/indici-urbanistici-e-destinazioni-duso\/","og_site_name":"Cervaro","article_modified_time":"2014-12-12T14:00:32+00:00","og_image":[{"url":"https:\/\/comunicacity.net\/cervaro\/wp-content\/uploads\/sites\/16\/2014\/12\/cervaro.jpg","height":50,"width":50,"type":""}],"twitter_misc":{"Tempo di lettura stimato":"3 minuti"},"schema":{"@context":"https:\/\/schema.org","@graph":[{"@type":"WebPage","@id":"https:\/\/comunicacity.net\/cervaro\/piano-regolatore\/indici-urbanistici-e-destinazioni-duso\/","url":"https:\/\/comunicacity.net\/cervaro\/piano-regolatore\/indici-urbanistici-e-destinazioni-duso\/","name":"Indici urb. e dest. d'uso - Cervaro","isPartOf":{"@id":"https:\/\/comunicacity.net\/cervaro\/#website"},"datePublished":"2014-12-12T13:57:10+00:00","dateModified":"2014-12-12T14:00:32+00:00","breadcrumb":{"@id":"https:\/\/comunicacity.net\/cervaro\/piano-regolatore\/indici-urbanistici-e-destinazioni-duso\/#breadcrumb"},"inLanguage":"it-IT","potentialAction":[{"@type":"ReadAction","target":["https:\/\/comunicacity.net\/cervaro\/piano-regolatore\/indici-urbanistici-e-destinazioni-duso\/"]}]},{"@type":"BreadcrumbList","@id":"https:\/\/comunicacity.net\/cervaro\/piano-regolatore\/indici-urbanistici-e-destinazioni-duso\/#breadcrumb","itemListElement":[{"@type":"ListItem","position":1,"name":"Home","item":"https:\/\/comunicacity.net\/cervaro\/"},{"@type":"ListItem","position":2,"name":"Piano Regolatore","item":"https:\/\/comunicacity.net\/cervaro\/piano-regolatore\/"},{"@type":"ListItem","position":3,"name":"Indici urb. e dest. d&#8217;uso"}]},{"@type":"WebSite","@id":"https:\/\/comunicacity.net\/cervaro\/#website","url":"https:\/\/comunicacity.net\/cervaro\/","name":"Cervaro","description":"Il Tuo Comune che Comunica","potentialAction":[{"@type":"SearchAction","target":{"@type":"EntryPoint","urlTemplate":"https:\/\/comunicacity.net\/cervaro\/?s={search_term_string}"},"query-input":{"@type":"PropertyValueSpecification","valueRequired":true,"valueName":"search_term_string"}}],"inLanguage":"it-IT"}]}},"meta_box":[],"_links":{"self":[{"href":"https:\/\/comunicacity.net\/cervaro\/wp-json\/wp\/v2\/pages\/23","targetHints":{"allow":["GET"]}}],"collection":[{"href":"https:\/\/comunicacity.net\/cervaro\/wp-json\/wp\/v2\/pages"}],"about":[{"href":"https:\/\/comunicacity.net\/cervaro\/wp-json\/wp\/v2\/types\/page"}],"author":[{"embeddable":true,"href":"https:\/\/comunicacity.net\/cervaro\/wp-json\/wp\/v2\/users\/1"}],"replies":[{"embeddable":true,"href":"https:\/\/comunicacity.net\/cervaro\/wp-json\/wp\/v2\/comments?post=23"}],"version-history":[{"count":2,"href":"https:\/\/comunicacity.net\/cervaro\/wp-json\/wp\/v2\/pages\/23\/revisions"}],"predecessor-version":[{"id":27,"href":"https:\/\/comunicacity.net\/cervaro\/wp-json\/wp\/v2\/pages\/23\/revisions\/27"}],"up":[{"embeddable":true,"href":"https:\/\/comunicacity.net\/cervaro\/wp-json\/wp\/v2\/pages\/19"}],"wp:attachment":[{"href":"https:\/\/comunicacity.net\/cervaro\/wp-json\/wp\/v2\/media?parent=23"}],"wp:term":[{"taxonomy":"category","embeddable":true,"href":"https:\/\/comunicacity.net\/cervaro\/wp-json\/wp\/v2\/categories?post=23"},{"taxonomy":"post_tag","embeddable":true,"href":"https:\/\/comunicacity.net\/cervaro\/wp-json\/wp\/v2\/tags?post=23"}],"curies":[{"name":"wp","href":"https:\/\/api.w.org\/{rel}","templated":true}]}}