{"id":39,"date":"2014-12-12T14:36:28","date_gmt":"2014-12-12T14:36:28","guid":{"rendered":"https:\/\/comunicacity.net\/cervaro\/?page_id=39"},"modified":"2014-12-12T14:38:59","modified_gmt":"2014-12-12T14:38:59","slug":"zone-agricole","status":"publish","type":"page","link":"https:\/\/comunicacity.net\/cervaro\/piano-regolatore\/zone-agricole\/","title":{"rendered":"Zone agricole"},"content":{"rendered":"<div>\n<p style=\"text-align: justify;\"><strong>CAPO V<\/strong><\/p>\n<p style=\"text-align: justify;\"><strong>ZONE AGRICOLE<\/strong><\/p>\n<p style=\"text-align: justify;\">Le zone agricole individuate dal PRG sono:<\/p>\n<p style=\"text-align: justify;\">E1 ZONA agricola di valle<br \/>\nIndice di fabbricabilit\u00e0 fondiaria 0,03 mc\/mq per l\u2019edilizia residenziale<\/p>\n<p style=\"text-align: justify;\">E\/2 ZONA agricola collinare<br \/>\nescluso qualsiasi intervento edificatorio<\/p>\n<p style=\"text-align: justify;\">E\/5 ZONA agricola di riserva naturale<br \/>\nescluso qualsiasi intervento edificatorio<\/p>\n<p style=\"text-align: justify;\">E\/3 ZONA agricola montana<\/p>\n<p style=\"text-align: justify;\">E\/4 ZONA agricola di tutela del capoluogo<\/p>\n<p style=\"text-align: justify;\">Nelle zone agricole non soggette a normative vincolistiche di carattere sovracomunale o non gravate da diritti collettivi od usi civici le costruzioni dovranno essere finalizzate all\u2019uso agricolo del territorio.<br \/>\nIn tale ottica, quindi anche la costruzione residenziale dovr\u00e0 essere finalizzata ala vocazione agricola dei terreni, fatta eccezione per eventuali porzioni di territorio che possono formare il (borgo agricolo) funzionale ala conduzione in forma singola o associata dell\u2019attivit\u00e0 agricola in vaste aree.<br \/>\nAnche le infrastrutture stradali dovranno avere le finalit\u00e0 agricole produttive di cui sopra .<br \/>\nOgni costruzione nelle zone agricole deve essere in armonia con le forme tradizionali locali dell\u2019edilizia rurale e dovranno essere preservati e recuperati , anche con riuso , eventuali presenze di cosiddetta ( architettura minore) rurale.<br \/>\nDeve essere evitato che le costruzioni sorgano sul colmo delle alture e ne deturpino il profilo .<br \/>\nLe costruzioni per uso residenziale non possono superare i due piani e l\u2019altezza di mt. 7,00 e preferibilmente coperte a tetto.<br \/>\nFermo il rispetto delle norme e prescrizioni di natura igienico o sanitaria , gli annessi agricoli debbono essere di norme strutturalmente separati dagli edifici destinati a residenza .<br \/>\nE\u2019 ammesso che possano essere costruiti in aderenza o collegati con l\u2019edificio ad uso di abitazione a mezzo di porticati aperti.<br \/>\nNon costituisce variante al PRG l\u2019attraversamento nelle zone agricole , di rete di impianti, elettrodotti, acquedotti, ecc. o rete comunque di interesse pubblico.<\/p>\n<p style=\"text-align: center;\"><strong>ART. 35<\/strong><br \/>\n<em>Zona agricola di valle ( E1 )<\/em><\/p>\n<p style=\"text-align: justify;\">Tale zona \u00e8 destinata all&#8217;esercizio delle attivit\u00e0 agricole dirette e connesse con l&#8217;agricoltura. Sono consentite abitazioni rurali e annessi agricoli quali serre, stalle, silos, magazzini, depositi e locali per la conservazione e la lavorazione artigianale dei prodotti agricoli.<br \/>\nL\u2019edificazione in tale zona \u00e8 disciplinata dalla Legge Regionale n\u00b0 38\/1999 salvo obbligatorie modifiche da essa prescritte da attuarsi dal Comune nei limiti temporali e di procedura in essa legge contenute.<br \/>\nLa concessione per la costruzione delle strutture abitative \u00e8 rilasciata esclusivamente all\u2019imprenditore agricolo responsabile dell\u2019impresa agraria.<br \/>\nLe strutture a scopo residenziale non possono superare il rapporto di 0,025 mc\/mq.<br \/>\nRelativamente ai cosiddetti annessi agricoli o edifici destinati ad attivit\u00e0 produttiva agricola nella azienda, ivi compresa l\u2019edificazione residenziale necessaria, dovranno seguire le procedure di cui all\u2019art. 57 della L.R. 38\/99.<br \/>\nNon sono ammessi l\u2019accorpamento di lotti di terreno non contigui.<br \/>\nPer gli edifici gi\u00e0 esistenti in zona all&#8217;atto dell&#8217;adozione del presente Piano e che possano dimostrare documentalmente la loro consistenza e destinazione funzionale, \u00e8 ammessa la deroga, in sanatoria, dal rispetto delle destinazioni ed indici urbanistici di zona, con conferma di quelle attualmente possedute.<br \/>\nTutti gli edifici esistenti sono comunque suscettibili di interventi di ristrutturazione edilizia a parit\u00e0 di volume.<\/p>\n<p style=\"text-align: center;\"><strong>ART. 36<\/strong><br \/>\n<em>Zona agricola collinare ( E2 )<\/em><\/p>\n<p style=\"text-align: justify;\">Tale zona \u00e8 destinata all&#8217;esercizio delle attivit\u00e0 agricole dirette e connesse con l&#8217;agricoltura. Per essa valgono tutte le norme gi\u00e0 riportate per la zona agricola E1 di cui al precedente articolo.<br \/>\nNella zona \u00e8 consentito, altres\u00ec, lo sviluppo delle attivit\u00e0 agrituristiche.<\/p>\n<p style=\"text-align: center;\"><strong>ART. 37<\/strong><br \/>\n<em>Zona agricola montana ( E3 )<\/em><\/p>\n<p style=\"text-align: justify;\">Tali zone sono destinata all&#8217;esercizio delle attivit\u00e0 agricole silvo &#8211; pastorali. Non sono consentite abitazioni rurali e sono ammessi invece gli annessi agricoli.<br \/>\nTale zona \u00e8 destinata all&#8217;esercizio delle attivit\u00e0 agricole dirette e connesse con l&#8217;agricoltura. Per essa valgono tutte le norme gi\u00e0 riportate per la zona agricola E1 di cui al precedente articolo.<\/p>\n<p style=\"text-align: center;\"><strong>ART. 38<\/strong><br \/>\n<em>Zona agricola di tutela del capoluogo ( E4 )<\/em><\/p>\n<p style=\"text-align: justify;\">In relazione sia alle caratteristiche morfologiche della zona, che all\u2019opportunit\u00e0 di tutela paesistico &#8211; ambientale del centro storico, la zona \u00e8 sottratta a qualsiasi tipo di edificazione, pur riconoscendo alla stessa eguali caratteri agricoli e relativi indici urbanistici della zona E2 , da utilizzarsi pertanto con il ricorso all&#8217;accorpamento dei fondi, in aree contigue ma situate all&#8217;esterno del perimetro di tutela . Per le strutture esistenti viene concesso per adeguamento igienico funzionale dimostrato , un incremento di superficie pari al 5% della preesistente .<\/p>\n<p style=\"text-align: center;\"><strong>ART. 39<\/strong><br \/>\n<em>Zona agricola di riserva naturale ( E5 )<\/em><\/p>\n<p style=\"text-align: justify;\">La zona, caratterizzata da notevole pregio naturale, \u00e8 assegnata a zona di riserva, con esclusione di qualsiasi intervento che non sia di sistemazione idrogeologica e di fruizione ambientale quali sentieri pedonali e piazzole panoramiche.<\/p>\n<\/div>\n","protected":false},"excerpt":{"rendered":"<p>CAPO V ZONE AGRICOLE Le zone agricole individuate dal PRG sono: E1 ZONA agricola di valle Indice di fabbricabilit\u00e0 fondiaria 0,03 mc\/mq per l\u2019edilizia residenziale E\/2 ZONA agricola collinare escluso [&hellip;]<\/p>\n","protected":false},"author":1,"featured_media":0,"parent":19,"menu_order":8,"comment_status":"open","ping_status":"open","template":"","meta":{"footnotes":""},"categories":[],"tags":[18],"class_list":["post-39","page","type-page","status-publish","hentry","tag-text-file"],"yoast_head":"<!-- This site is optimized with the Yoast SEO plugin v27.4 - https:\/\/yoast.com\/product\/yoast-seo-wordpress\/ -->\n<title>Zone agricole - Cervaro<\/title>\n<meta name=\"robots\" content=\"index, follow, max-snippet:-1, max-image-preview:large, max-video-preview:-1\" \/>\n<link rel=\"canonical\" href=\"https:\/\/comunicacity.net\/cervaro\/piano-regolatore\/zone-agricole\/\" \/>\n<meta property=\"og:locale\" content=\"it_IT\" \/>\n<meta property=\"og:type\" content=\"article\" \/>\n<meta property=\"og:title\" content=\"Zone agricole - Cervaro\" \/>\n<meta property=\"og:description\" content=\"CAPO V ZONE AGRICOLE Le zone agricole individuate dal PRG sono: E1 ZONA agricola di valle Indice di fabbricabilit\u00e0 fondiaria 0,03 mc\/mq per l\u2019edilizia residenziale E\/2 ZONA agricola collinare escluso [&hellip;]\" \/>\n<meta property=\"og:url\" content=\"https:\/\/comunicacity.net\/cervaro\/piano-regolatore\/zone-agricole\/\" \/>\n<meta property=\"og:site_name\" content=\"Cervaro\" \/>\n<meta property=\"article:modified_time\" content=\"2014-12-12T14:38:59+00:00\" \/>\n<meta property=\"og:image\" content=\"https:\/\/comunicacity.net\/cervaro\/wp-content\/uploads\/sites\/16\/2014\/12\/cervaro.jpg\" \/>\n\t<meta property=\"og:image:width\" content=\"50\" \/>\n\t<meta property=\"og:image:height\" content=\"50\" \/>\n<meta name=\"twitter:label1\" content=\"Tempo di lettura stimato\" \/>\n\t<meta name=\"twitter:data1\" content=\"4 minuti\" \/>\n<script type=\"application\/ld+json\" class=\"yoast-schema-graph\">{\"@context\":\"https:\\\/\\\/schema.org\",\"@graph\":[{\"@type\":\"WebPage\",\"@id\":\"https:\\\/\\\/comunicacity.net\\\/cervaro\\\/piano-regolatore\\\/zone-agricole\\\/\",\"url\":\"https:\\\/\\\/comunicacity.net\\\/cervaro\\\/piano-regolatore\\\/zone-agricole\\\/\",\"name\":\"Zone agricole - Cervaro\",\"isPartOf\":{\"@id\":\"https:\\\/\\\/comunicacity.net\\\/cervaro\\\/#website\"},\"datePublished\":\"2014-12-12T14:36:28+00:00\",\"dateModified\":\"2014-12-12T14:38:59+00:00\",\"breadcrumb\":{\"@id\":\"https:\\\/\\\/comunicacity.net\\\/cervaro\\\/piano-regolatore\\\/zone-agricole\\\/#breadcrumb\"},\"inLanguage\":\"it-IT\",\"potentialAction\":[{\"@type\":\"ReadAction\",\"target\":[\"https:\\\/\\\/comunicacity.net\\\/cervaro\\\/piano-regolatore\\\/zone-agricole\\\/\"]}]},{\"@type\":\"BreadcrumbList\",\"@id\":\"https:\\\/\\\/comunicacity.net\\\/cervaro\\\/piano-regolatore\\\/zone-agricole\\\/#breadcrumb\",\"itemListElement\":[{\"@type\":\"ListItem\",\"position\":1,\"name\":\"Home\",\"item\":\"https:\\\/\\\/comunicacity.net\\\/cervaro\\\/\"},{\"@type\":\"ListItem\",\"position\":2,\"name\":\"Piano Regolatore\",\"item\":\"https:\\\/\\\/comunicacity.net\\\/cervaro\\\/piano-regolatore\\\/\"},{\"@type\":\"ListItem\",\"position\":3,\"name\":\"Zone agricole\"}]},{\"@type\":\"WebSite\",\"@id\":\"https:\\\/\\\/comunicacity.net\\\/cervaro\\\/#website\",\"url\":\"https:\\\/\\\/comunicacity.net\\\/cervaro\\\/\",\"name\":\"Cervaro\",\"description\":\"Il Tuo Comune che Comunica\",\"potentialAction\":[{\"@type\":\"SearchAction\",\"target\":{\"@type\":\"EntryPoint\",\"urlTemplate\":\"https:\\\/\\\/comunicacity.net\\\/cervaro\\\/?s={search_term_string}\"},\"query-input\":{\"@type\":\"PropertyValueSpecification\",\"valueRequired\":true,\"valueName\":\"search_term_string\"}}],\"inLanguage\":\"it-IT\"}]}<\/script>\n<!-- \/ Yoast SEO plugin. -->","yoast_head_json":{"title":"Zone agricole - Cervaro","robots":{"index":"index","follow":"follow","max-snippet":"max-snippet:-1","max-image-preview":"max-image-preview:large","max-video-preview":"max-video-preview:-1"},"canonical":"https:\/\/comunicacity.net\/cervaro\/piano-regolatore\/zone-agricole\/","og_locale":"it_IT","og_type":"article","og_title":"Zone agricole - Cervaro","og_description":"CAPO V ZONE AGRICOLE Le zone agricole individuate dal PRG sono: E1 ZONA agricola di valle Indice di fabbricabilit\u00e0 fondiaria 0,03 mc\/mq per l\u2019edilizia residenziale E\/2 ZONA agricola collinare escluso [&hellip;]","og_url":"https:\/\/comunicacity.net\/cervaro\/piano-regolatore\/zone-agricole\/","og_site_name":"Cervaro","article_modified_time":"2014-12-12T14:38:59+00:00","og_image":[{"url":"https:\/\/comunicacity.net\/cervaro\/wp-content\/uploads\/sites\/16\/2014\/12\/cervaro.jpg","height":50,"width":50,"type":""}],"twitter_misc":{"Tempo di lettura stimato":"4 minuti"},"schema":{"@context":"https:\/\/schema.org","@graph":[{"@type":"WebPage","@id":"https:\/\/comunicacity.net\/cervaro\/piano-regolatore\/zone-agricole\/","url":"https:\/\/comunicacity.net\/cervaro\/piano-regolatore\/zone-agricole\/","name":"Zone agricole - Cervaro","isPartOf":{"@id":"https:\/\/comunicacity.net\/cervaro\/#website"},"datePublished":"2014-12-12T14:36:28+00:00","dateModified":"2014-12-12T14:38:59+00:00","breadcrumb":{"@id":"https:\/\/comunicacity.net\/cervaro\/piano-regolatore\/zone-agricole\/#breadcrumb"},"inLanguage":"it-IT","potentialAction":[{"@type":"ReadAction","target":["https:\/\/comunicacity.net\/cervaro\/piano-regolatore\/zone-agricole\/"]}]},{"@type":"BreadcrumbList","@id":"https:\/\/comunicacity.net\/cervaro\/piano-regolatore\/zone-agricole\/#breadcrumb","itemListElement":[{"@type":"ListItem","position":1,"name":"Home","item":"https:\/\/comunicacity.net\/cervaro\/"},{"@type":"ListItem","position":2,"name":"Piano Regolatore","item":"https:\/\/comunicacity.net\/cervaro\/piano-regolatore\/"},{"@type":"ListItem","position":3,"name":"Zone agricole"}]},{"@type":"WebSite","@id":"https:\/\/comunicacity.net\/cervaro\/#website","url":"https:\/\/comunicacity.net\/cervaro\/","name":"Cervaro","description":"Il Tuo Comune che Comunica","potentialAction":[{"@type":"SearchAction","target":{"@type":"EntryPoint","urlTemplate":"https:\/\/comunicacity.net\/cervaro\/?s={search_term_string}"},"query-input":{"@type":"PropertyValueSpecification","valueRequired":true,"valueName":"search_term_string"}}],"inLanguage":"it-IT"}]}},"meta_box":[],"_links":{"self":[{"href":"https:\/\/comunicacity.net\/cervaro\/wp-json\/wp\/v2\/pages\/39","targetHints":{"allow":["GET"]}}],"collection":[{"href":"https:\/\/comunicacity.net\/cervaro\/wp-json\/wp\/v2\/pages"}],"about":[{"href":"https:\/\/comunicacity.net\/cervaro\/wp-json\/wp\/v2\/types\/page"}],"author":[{"embeddable":true,"href":"https:\/\/comunicacity.net\/cervaro\/wp-json\/wp\/v2\/users\/1"}],"replies":[{"embeddable":true,"href":"https:\/\/comunicacity.net\/cervaro\/wp-json\/wp\/v2\/comments?post=39"}],"version-history":[{"count":3,"href":"https:\/\/comunicacity.net\/cervaro\/wp-json\/wp\/v2\/pages\/39\/revisions"}],"predecessor-version":[{"id":42,"href":"https:\/\/comunicacity.net\/cervaro\/wp-json\/wp\/v2\/pages\/39\/revisions\/42"}],"up":[{"embeddable":true,"href":"https:\/\/comunicacity.net\/cervaro\/wp-json\/wp\/v2\/pages\/19"}],"wp:attachment":[{"href":"https:\/\/comunicacity.net\/cervaro\/wp-json\/wp\/v2\/media?parent=39"}],"wp:term":[{"taxonomy":"category","embeddable":true,"href":"https:\/\/comunicacity.net\/cervaro\/wp-json\/wp\/v2\/categories?post=39"},{"taxonomy":"post_tag","embeddable":true,"href":"https:\/\/comunicacity.net\/cervaro\/wp-json\/wp\/v2\/tags?post=39"}],"curies":[{"name":"wp","href":"https:\/\/api.w.org\/{rel}","templated":true}]}}